{"id":6,"date":"2021-10-30T20:53:40","date_gmt":"2021-10-30T20:53:40","guid":{"rendered":"https:\/\/bianka-estel.art\/?page_id=6"},"modified":"2025-03-13T18:23:26","modified_gmt":"2025-03-13T18:23:26","slug":"archiv","status":"publish","type":"page","link":"https:\/\/bianka-estel.art\/?page_id=6","title":{"rendered":"Galerie \/ Atelier"},"content":{"rendered":"\n<p>Mein kleines privates Atelier ist in Z\u00fchlsdorf zu finden. Dieses \u00f6ffne ich gerne auch als Galerie, allerdings nur nach telefonischer Terminanfrage.<\/p>\n\n\n\n<p>Hier entstehen die individuellen Einzelst\u00fccke in Aquarell, Pastell, Acryl und anderen Techniken. <\/p>\n\n\n<div class=\"wp-block-image\">\n<figure class=\"aligncenter size-full is-resized\"><img loading=\"lazy\" decoding=\"async\" width=\"1024\" height=\"768\" src=\"https:\/\/bianka-estel.art\/wp-content\/uploads\/Atelier-1.jpg\" alt=\"\" class=\"wp-image-1362\" style=\"width:408px;height:auto\" srcset=\"https:\/\/bianka-estel.art\/wp-content\/uploads\/Atelier-1.jpg 1024w, https:\/\/bianka-estel.art\/wp-content\/uploads\/Atelier-1-300x225.jpg 300w, https:\/\/bianka-estel.art\/wp-content\/uploads\/Atelier-1-768x576.jpg 768w, https:\/\/bianka-estel.art\/wp-content\/uploads\/Atelier-1-973x730.jpg 973w, https:\/\/bianka-estel.art\/wp-content\/uploads\/Atelier-1-508x381.jpg 508w\" sizes=\"auto, (max-width: 1024px) 100vw, 1024px\" \/><\/figure>\n<\/div>\n\n<div class=\"wp-block-image\">\n<figure class=\"aligncenter size-large is-resized\"><img loading=\"lazy\" decoding=\"async\" width=\"768\" height=\"1024\" src=\"https:\/\/bianka-estel.art\/wp-content\/uploads\/Atelier-3-768x1024.jpg\" alt=\"\" class=\"wp-image-1364\" style=\"width:407px;height:auto\" srcset=\"https:\/\/bianka-estel.art\/wp-content\/uploads\/Atelier-3-768x1024.jpg 768w, https:\/\/bianka-estel.art\/wp-content\/uploads\/Atelier-3-225x300.jpg 225w, https:\/\/bianka-estel.art\/wp-content\/uploads\/Atelier-3-973x1297.jpg 973w, https:\/\/bianka-estel.art\/wp-content\/uploads\/Atelier-3-508x677.jpg 508w, https:\/\/bianka-estel.art\/wp-content\/uploads\/Atelier-3.jpg 1024w\" sizes=\"auto, (max-width: 768px) 100vw, 768px\" \/><\/figure>\n<\/div>\n\n<p class=\"fonts-plugin-block \" style=\"font-family: Unna;font-size: 20px;line-height: 1.5\"><\/p>\n\n\n<p class=\"has-21-font-size\">Hier in meiner Online-Galerie sind viele meiner Arbeiten, nach den verschiedenen Bereichen geordnet, anzusehen. <\/p>\n\n\n\n<p class=\"has-21-font-size\">Viel Spa\u00df beim Betrachten der Werke. Es w\u00e4re sch\u00f6n, wenn die Bilder dazu anregen einfach mal den Pinsel oder den Stift in die Hand zu nehmen, um selbst kreativ zu werden. Aus eigener Erfahrung kann ich best\u00e4tigen, dass es kaum etwas Besseres gibt, als die kreative Entspannung beim malen und zeichnen, um den Stress des Alltags hinter sich zu lassen.<\/p>\n\n\n<div class=\"wp-block-image\">\n<figure class=\"aligncenter size-full\"><img loading=\"lazy\" decoding=\"async\" width=\"1024\" height=\"818\" src=\"https:\/\/bianka-estel.art\/wp-content\/uploads\/Motivation-1.jpg\" alt=\"\" class=\"wp-image-1367\" srcset=\"https:\/\/bianka-estel.art\/wp-content\/uploads\/Motivation-1.jpg 1024w, https:\/\/bianka-estel.art\/wp-content\/uploads\/Motivation-1-300x240.jpg 300w, https:\/\/bianka-estel.art\/wp-content\/uploads\/Motivation-1-768x614.jpg 768w, https:\/\/bianka-estel.art\/wp-content\/uploads\/Motivation-1-973x777.jpg 973w, https:\/\/bianka-estel.art\/wp-content\/uploads\/Motivation-1-508x406.jpg 508w\" sizes=\"auto, (max-width: 1024px) 100vw, 1024px\" \/><\/figure>\n<\/div>\n\n\n<p>Meine Bilder stelle ich in wechselnden Ausstellungen und regelm\u00e4\u00dfig in umliegenden Praxen aus.<\/p>\n\n\n<div class=\"wp-block-image\">\n<figure class=\"aligncenter size-large\"><img loading=\"lazy\" decoding=\"async\" width=\"1024\" height=\"800\" src=\"https:\/\/bianka-estel.art\/wp-content\/uploads\/Ich--1024x800.jpeg\" alt=\"\" class=\"wp-image-648\" srcset=\"https:\/\/bianka-estel.art\/wp-content\/uploads\/Ich--1024x800.jpeg 1024w, https:\/\/bianka-estel.art\/wp-content\/uploads\/Ich--300x234.jpeg 300w, https:\/\/bianka-estel.art\/wp-content\/uploads\/Ich--768x600.jpeg 768w, https:\/\/bianka-estel.art\/wp-content\/uploads\/Ich--1536x1200.jpeg 1536w, https:\/\/bianka-estel.art\/wp-content\/uploads\/Ich--2048x1600.jpeg 2048w, https:\/\/bianka-estel.art\/wp-content\/uploads\/Ich--973x760.jpeg 973w, https:\/\/bianka-estel.art\/wp-content\/uploads\/Ich--508x397.jpeg 508w\" sizes=\"auto, (max-width: 1024px) 100vw, 1024px\" \/><figcaption class=\"wp-element-caption\">Ausstellung &#8222;Schaufenster&#8220; Oranienburg \/ Mai 2021 <\/figcaption><\/figure>\n<\/div>","protected":false},"excerpt":{"rendered":"<p>Mein kleines privates Atelier ist in Z\u00fchlsdorf zu finden. Dieses \u00f6ffne ich gerne auch als Galerie, allerdings nur nach telefonischer Terminanfrage. Hier entstehen die individuellen Einzelst\u00fccke in Aquarell,&#8230;<\/p>\n","protected":false},"author":1,"featured_media":0,"parent":0,"menu_order":0,"comment_status":"closed","ping_status":"closed","template":"","meta":{"footnotes":""},"class_list":["post-6","page","type-page","status-publish","hentry"],"_links":{"self":[{"href":"https:\/\/bianka-estel.art\/index.php?rest_route=\/wp\/v2\/pages\/6","targetHints":{"allow":["GET"]}}],"collection":[{"href":"https:\/\/bianka-estel.art\/index.php?rest_route=\/wp\/v2\/pages"}],"about":[{"href":"https:\/\/bianka-estel.art\/index.php?rest_route=\/wp\/v2\/types\/page"}],"author":[{"embeddable":true,"href":"https:\/\/bianka-estel.art\/index.php?rest_route=\/wp\/v2\/users\/1"}],"replies":[{"embeddable":true,"href":"https:\/\/bianka-estel.art\/index.php?rest_route=%2Fwp%2Fv2%2Fcomments&post=6"}],"version-history":[{"count":20,"href":"https:\/\/bianka-estel.art\/index.php?rest_route=\/wp\/v2\/pages\/6\/revisions"}],"predecessor-version":[{"id":1488,"href":"https:\/\/bianka-estel.art\/index.php?rest_route=\/wp\/v2\/pages\/6\/revisions\/1488"}],"wp:attachment":[{"href":"https:\/\/bianka-estel.art\/index.php?rest_route=%2Fwp%2Fv2%2Fmedia&parent=6"}],"curies":[{"name":"wp","href":"https:\/\/api.w.org\/{rel}","templated":true}]}}