{"id":1578,"date":"2025-09-19T22:19:27","date_gmt":"2025-09-19T22:19:27","guid":{"rendered":"https:\/\/bianka-estel.art\/?page_id=1578"},"modified":"2025-09-19T22:25:20","modified_gmt":"2025-09-19T22:25:20","slug":"haftungsausschluss-disclaimer","status":"publish","type":"page","link":"https:\/\/bianka-estel.art\/?page_id=1578","title":{"rendered":"Haftungsausschluss (Disclaimer)"},"content":{"rendered":"\n<h1 class=\"wp-block-heading\">Haftung f\u00fcr Inhalte<\/h1>\n\n\n\n<p>Die Inhalte meiner Website wurden mit gr\u00f6\u00dfter Sorgfalt erstellt. F\u00fcr die Richtigkeit, Vollst\u00e4ndigkeit und Aktualit\u00e4t der Inhalte \u00fcbernehme ich jedoch keine Gew\u00e4hr.<\/p>\n\n\n\n<h2 class=\"wp-block-heading\">Haftung f\u00fcr Link<\/h2>\n\n\n\n<p>Meine Website enth\u00e4lt Links zu externen Websites Dritter, auf deren Inhalte ich keinen Einfluss habe. F\u00fcr diese fremden Inhalte \u00fcbernehme ich keine Gew\u00e4hr. F\u00fcr die Inhalte der verlinkten Seiten ist stets der jeweilige Anbieter oder Betreiber\u00a0verantwortlich.<\/p>\n\n\n\n<h2 class=\"wp-block-heading\">Urheberrecht<\/h2>\n\n\n\n<p>Die durch mich erstellten Inhalte und Werke auf diesen Seiten unterliegen dem deutschen Urheberrecht. Die Vervielf\u00e4ltigung, Bearbeitung, Verbreitung und jede Art der Verwertung au\u00dferhalb der Grenzen des Urheberrechtes bed\u00fcrfen meiner schriftlichen Zustimmung. Downloads und Kopien dieser Seite sind nur f\u00fcr den privaten, nicht kommerziellen Gebrauch gestattet.<\/p>\n\n\n\n<p><\/p>\n","protected":false},"excerpt":{"rendered":"<p>Haftung f\u00fcr Inhalte Die Inhalte meiner Website wurden mit gr\u00f6\u00dfter Sorgfalt erstellt. F\u00fcr die Richtigkeit, Vollst\u00e4ndigkeit und Aktualit\u00e4t der Inhalte \u00fcbernehme ich jedoch keine Gew\u00e4hr. Haftung f\u00fcr Link&#8230;<\/p>\n","protected":false},"author":1,"featured_media":0,"parent":0,"menu_order":0,"comment_status":"closed","ping_status":"closed","template":"","meta":{"footnotes":""},"class_list":["post-1578","page","type-page","status-publish","hentry"],"_links":{"self":[{"href":"https:\/\/bianka-estel.art\/index.php?rest_route=\/wp\/v2\/pages\/1578","targetHints":{"allow":["GET"]}}],"collection":[{"href":"https:\/\/bianka-estel.art\/index.php?rest_route=\/wp\/v2\/pages"}],"about":[{"href":"https:\/\/bianka-estel.art\/index.php?rest_route=\/wp\/v2\/types\/page"}],"author":[{"embeddable":true,"href":"https:\/\/bianka-estel.art\/index.php?rest_route=\/wp\/v2\/users\/1"}],"replies":[{"embeddable":true,"href":"https:\/\/bianka-estel.art\/index.php?rest_route=%2Fwp%2Fv2%2Fcomments&post=1578"}],"version-history":[{"count":3,"href":"https:\/\/bianka-estel.art\/index.php?rest_route=\/wp\/v2\/pages\/1578\/revisions"}],"predecessor-version":[{"id":1582,"href":"https:\/\/bianka-estel.art\/index.php?rest_route=\/wp\/v2\/pages\/1578\/revisions\/1582"}],"wp:attachment":[{"href":"https:\/\/bianka-estel.art\/index.php?rest_route=%2Fwp%2Fv2%2Fmedia&parent=1578"}],"curies":[{"name":"wp","href":"https:\/\/api.w.org\/{rel}","templated":true}]}}